3 - 13*t**3 - 1 - 4*t**2. Calculate the remainder when m is divided by r(-1).
0
Let y be (-4)/(-14) + (-14)/49. Suppose r - 86 + 22 = y. Calculate the remainder when r is divided by 17.
13
Let m = -12 + 20. Suppose 4*n + 5*z = -2 + 5, 3*n - 1 = -5*z. Suppose -n*r = -2*s + 40, -6*s + r + 80 = -s. What is the remainder when s is divided by m?
7
Suppose 0 = 4*a - m - 65, -2*m + 7*m = 3*a - 70. Suppose -d + 5 = 4*v, -5*d - 3*v + a = -2*d. What is the remainder when 9 is divided by d?
4
Let d(t) = -t**2 + 5*t + 2. Let o be d(4). Let g(s) = 3 + o - 3 - s. Calculate the remainder when 2 is divided by g(5).
0
Let w(h) = h**2 + 2 + 9*h - 5*h - 8*h + 2. Calculate the remainder when w(7) is divided by 7.
4
Suppose 3*i - 7 = 146. Let o = i + -29. Suppose -6*r = -2*r - 48. Calculate the remainder when o is divided by r.
10
Let r(h) = h - 2 + 1 + 2 + 12*h**2. What is the remainder when (-6)/10 + 1130/50 is divided by r(-1)?
10
Suppose 3 = 3*g - 4*g, 4*b + 5*g = -31. Let q = 2 - b. What is the remainder when (-5)/15 + 62/q is divided by 6?
4
Suppose 3*a - 14 = 2*a. Let l be 0*(-1)/2 + 4. Suppose -10 = l*y - 170. What is the remainder when y is divided by a?
12
Let f = 6 + -1. Suppose g - 20 = f*b + 14, -3*b = -5*g + 148. Let d = 26 - 16. What is the remainder when g is divided by d?
9
Let n = 23 + 5. Calculate the remainder when n is divided by (-3)/((-43)/10 + 4).
8
Let c = 42 - 24. Calculate the remainder when 104 is divided by c.
14
Suppose -5*d - a = -2330, -6*d + 2360 = -d - 5*a. Suppose -b - t = 4*t - 189, 3*b = 5*t + d. Let z = b + -115. What is the remainder when z is divided by 17?
15
Suppose 65 = 5*l - 0*l. Suppose 8 = x + 19. Let k = 27 - x. Calculate the remainder when k is divided by l.
12
Let x(p) = p**3 + 4*p**2 - 3*p - 3. Let s(c) = c**2 + 2*c - 5. Calculate the remainder when s(6) is divided by x(-3).
13
Let y = -7 + 9. Suppose -3*m = y*m - 75. Calculate the remainder when 27 is divided by m.
12
Let o(w) = w**3 + 2*w**2 - 4. What is the remainder when o(3) is divided by 14?
13
Let q(g) = -2*g + 8. Let o be q(4). Suppose 0 = -o*c + 5*c - 60. Calculate the remainder when 35 is divided by c.
11
Let b = -69 + 93. What is the remainder when 71 is divided by b?
23
Suppose -2*a - j = -31, -3*a + 64 - 16 = j. What is the remainder when 61 is divided by a?
10
Let m = -7 + 101. Suppose -71 = -3*l - n - 13, -5*l - n + m = 0. Calculate the remainder when 34 is divided by l.
16
Let h = 10 + 1. Let n be (-14)/4 - 4/8. Let z = 10 + n. Calculate the remainder when h is divided by z.
5
Suppose 2*o + 25 = 67. Suppose 2*r - 63 - o = 0. Calculate the remainder when r is divided by 22.
20
Suppose -i + 0*n + 13 = -3*n, 69 = 4*i + 5*n. Suppose 0 = 4*u + 5*h - 187, -5*u = -5*h - 133 - 67. Calculate the remainder when u is divided by i.
11
Let h = -2 + -1. Let r(f) = 4*f**2 + 4*f + 4. Let k = -70 - -80. What is the remainder when r(h) is divided by k?
8
Suppose 4*f = -3 - 9. Suppose b - i = -4 + 25, -2*i = b - 6. What is the remainder when f/((-6)/(-4)) + 49 is divided by b?
15
Suppose -4*x + x + 6 = 0. Suppose -138 = -5*m - 3*a + a, -x*a + 34 = m. What is the remainder when 50 is divided by m?
24
Suppose -4*g - 116 = -5*t, -5*g + 7 = 3*t - 70. Let r = -32 + 45. Calculate the remainder when t is divided by r.
11
Suppose 4*m + 3 - 55 = 0. What is the remainder when 50 is divided by m?
11
Suppose -v - 105 = -6*v. What is the remainder when 39 is divided by v?
18
Let q(i) = 12*i - 3*i - i + i**3 - 13 + 11*i**2. What is the remainder when 32 is divided by q(-10)?
4
What is the remainder when 88 is divided by (-24)/10*175/(-14)?
28
Suppose 4*k = 226 - 70. Calculate the remainder when 151 is divided by k.
34
Suppose 3*x = -3*d + 139 + 14, 0 = -5*x + 5*d + 275. Calculate the remainder when x is divided by 14.
11
Let s(z) = z**2 - z - 6. What is the remainder when 109 is divided by s(-4)?
11
Let j = -59 - -113. What is the remainder when j is divided by 105/5 + -2 + 0?
16
Let a be 25/10*(-1 + 3). Suppose j + 3*t = -2*t + 12, 3*j - 4*t + 2 = 0. Suppose -3*z + a = -j*z. What is the remainder when 13 is divided by z?
3
Let n = -73 + 81. What is the remainder when 20 is divided by n?
4
Let c(s) = -s - 6. Let n be c(-10). What is the remainder when 35 is divided by ((-48)/5)/n*-5?
11
Suppose -3*k = -4*b + 79, 0*k - 69 = -4*b + k. Let o = 29 - b. What is the remainder when 50 is divided by o?
11
Let s(o) = o**3 - 3*o**2 + o + 1. Let l be s(3). Suppose -l*f = -4*j + 92, 4*j - 100 - 37 = -5*f. Calculate the remainder when j is divided by 10.
8
Suppose 4*k = 88 + 20. Calculate the remainder when k is divided by 15.
12
Let x = 10 - -64. Let d(a) = 6*a**2 + 1. What is the remainder when x is divided by d(-2)?
24
Let b be 96/(-42) + (-4)/(-14). Calculate the remainder when 9 + b/(4/6) is divided by 4.
2
Suppose 0*c - 5*c + 65 = 0. What is the remainder when c is divided by (7/(-4))/(13/(-52))?
6
Let l be ((-3)/(-3))/((-2)/(-22)). Let x(z) = 2*z**2 + 5 - 2*z**2 - 11*z + z**2. Calculate the remainder when 17 is divided by x(l).
2
Suppose 47 - 9 = 3*k - x, 5*k - 2*x - 62 = 0. What is the remainder when (-3)/(-2)*10/75*125 is divided by k?
11
Suppose -2*h = -12 + 2. Calculate the remainder when 8 is divided by h.
3
Let g = -3 - -13. Suppose 0*o - 140 = -5*o. Calculate the remainder when o is divided by g.
8
Let x be -2*(-3)/(-2) + -2. Let d be (-1)/(-2 - x/3). Suppose -3*b - 5*p = -64, d*b - 50 = -2*b + 3*p. Calculate the remainder when b is divided by 4.
1
Let p = -11 - -4. Let u(c) = -c**3 - 8*c**2 - 7*c + 4. Calculate the remainder when 6 is divided by u(p).
2
Let d be 3/(-6) - (-2)/4. Let p = -1 - -2. Suppose d = -c - p + 8. Calculate the remainder when c is divided by 3.
1
Suppose 4*m - 12 = g, -6 = -2*m - 3*g + 14. What is the remainder when 9*1*(-2)/(-2) is divided by m?
1
Suppose -7*y + 10 = -2*y. Suppose 4*w = -2*j + 24, 0 = -4*j + w - 2*w + 62. Suppose 2*r + 2*r = j. Calculate the remainder when r is divided by y.
0
What is the remainder when 1/(-8) + 561/8 is divided by 37?
33
Let q = 150 + -13. Let d = q + -42. What is the remainder when d is divided by 24?
23
Suppose 4*z = -2*u + 6*z + 202, -4*u - 4*z = -420. What is the remainder when u is divided by 21?
19
Suppose 0 = -4*d - 3*j + 109, -4*d - 3*j + 7*j + 116 = 0. Calculate the remainder when 54 is divided by d.
26
Let k(x) = 9*x - 8. Suppose -d = 2*v - 13, -v - 2*d + 8 = -0*v. What is the remainder when k(v) is divided by 24?
22
Let h = 1 - -1. Let c(d) = -1 + 0 + h*d**2 + 0. Calculate the remainder when 20 is divided by c(-2).
6
Let k(y) = y**2 + 7*y + 2. Let u be k(-7). Suppose -2*i + 5*n = -75, 43 = -3*i - u*n + 146. What is the remainder when i is divided by 9?
8
What is the remainder when (-4)/((-8)/(-132)*-1) is divided by 17?
15
Let d(r) = r**3 + 12*r**2 + 7*r - 9. Calculate the remainder when 138 is divided by d(-11).
33
Suppose 4*i - 18 = -2*n, 5*n = 2*n + 4*i + 17. Let u = 2 - -24. What is the remainder when u is divided by n?
5
Let f = 43 - 27. Suppose 0 = -5*j + 3*x + 324, -x - 15 = 4*x. What is the remainder when j is divided by f?
15
Let s(v) = -12*v + 4. Let t be s(-4). Suppose 5*j - t = j. What is the remainder when 51 is divided by j?
12
Suppose d + 4*d + 45 = 0. Let y be -2 - 39/(d/3). Suppose -y + 1 = -c. What is the remainder when 28 is divided by c?
8
Suppose -4 = -4*q, -t = -0*t + 5*q - 25. Calculate the remainder when 37 is divided by t.
17
Let j be 2 + 35 + (-12)/(-4). Calculate the remainder when 33 is divided by 3*j/6 + -3.
16
Suppose 3*c + 2*w - 29 = -0*c, 3*w - 30 = -3*c. Calculate the remainder when 36/(-8)*(-30)/c is divided by 8.
7
Suppose 1 - 9 = -4*k. Suppose -11 + k = -c. Calculate the remainder when (17/(-3))/(4/(-12)) is divided by c.
8
Suppose 2*b - 3*b = -4, 2*o = -b + 14. Suppose -4*s + 12 = -0*s. Let q(r) = 2*r**2 - 5. Calculate the remainder when q(s) is divided by o.
3
Suppose 5 = v - 56. Calculate the remainder when v is divided by 16.
13
Let h(f) = f**2 - 15*f + 57. What is the remainder when (-2)/3*(-32 - -5) is divided by h(10)?
4
Let d = -1 - -2. Calculate the remainder when 10/2 + 2 + -3 is divided by d - 1 - (-2 + -1).
1
Let d(v) = 17*v - 2. Calculate the remainder when 74 is divided by d(1).
14
Let g = 81 - 26. Calculate the remainder when g is divided by 14.
13
Suppose 